11 - 1 - 28) - (-13 + -1)
-33
Evaluate -1 + 185 + (-3144 - -3030).
70
Calculate -4 - -3 - ((-7 - -22) + -11 - 8).
3
Calculate -29 + -7 + -3 + 18 + -50.
-71
-2 - (-40 + -26 + 20)
44
Evaluate -109 + (33 - (-87 + 69)).
-58
Calculate -22 + 10 - (24 + -26 + 4) - (54 - 0).
-68
What is the value of 76 + -80 + (-3 - -2) + 3 - -20?
18
Calculate -32 - (18 + (-25 - -34) - -16).
-75
What is 0 + 70 - (-630 - -649)?
51
11 + -5 - (-62 + 37 + -39)
70
Evaluate 87 + 13 + 38 + -62.
76
Calculate -7 + (-1 - (1 + 0)) + -3030 + 3043.
4
Evaluate -1 - -3 - (-1085 - -1101 - (20 - 1)).
5
Evaluate (-13 - (16 - 6)) + 61.
38
Evaluate (-39 + (78 - 45) - -20) + -135.
-121
(-97 - -164) + (-23 - -1) - 2
43
41 + -2 + (-669 - -659)
29
Calculate (11 - 3) + (-49 - -20).
-21
(218 - 1) + (601 - 762)
56
Evaluate -7 - (14 + -22 + 1).
0
Calculate (37 - (-13 + -4 - -32)) + 26.
48
24 + (48 - 69 - 30)
-27
-40 + 1 + (-4361 - -4454)
54
What is ((-18 - -29) + -9 - -15) + 52?
69
Calculate (178 - 187) + 29 + 1 - 83.
-62
What is -49 - (-52 - -165 - 74)?
-88
Calculate (180 - 208) + 2 + -2 + 2 + (3 - -1).
-22
Evaluate -27 - (-119 - (-124 - -121)).
89
Evaluate -94 - (-64 - (18 + -34)).
-46
What is the value of 73 - -2 - (2461 + -2383)?
-3
Calculate -4 + (46 - -3) - 5 - (10 + -21 + -2).
53
-1 + (1 - -4 - (-1682 + 1787))
-101
Calculate (16 - 2) + (18 - 11 - 48) + 37.
10
2 + (-11 - (-57 + 67 + -87 + (-1 - 0)))
69
Calculate 18 + -8 + 9 + -12 + 30 + -2.
35
Calculate 70 - (-2 + (22 - -2)).
48
What is the value of -15 - (12 + -11) - 1 - -9 - (-160 + 26)?
126
What is -1 + -22 + (7 + -15 - -20 - (0 + 4))?
-15
What is the value of 47 - -3 - 3 - -2 - (-37 - -42 - 0)?
44
What is -100 + -99 + -1 + 1740 + -1690?
-150
Evaluate 1 + (-35 - -25 - -5) - -68.
64
What is the value of (-5 - -2 - 14) + (64 - 79) + -34?
-66
Calculate -14 - -27 - -99 - (2 - -8 - 3 - 17).
122
What is 10 + 10 + 25 + -238 + 237?
44
6 + 2 - (-32 + 9) - -12
43
Calculate (-10 - 26 - -87) + -79.
-28
Evaluate -3 + 20 + -165 + 144 + -2.
-6
Evaluate -91 - (-197 + (-32 - -49)).
89
What is (35 - -30) + (-17 - 80)?
-32
What is 66 + (16 - -7 - 22 - 25)?
42
What is 148 + 3 + (-16 - (-17 + 18)) + -24?
110
Evaluate 2 + -41 - (103 + (-28 - 151)).
37
What is the value of 14 + -3 + -5 + -31 + -14 + -3?
-42
What is the value of -8 - 6 - (-38 + 33)?
-9
Evaluate (17 - 1) + -47 + (77 + -49 - -68).
65
14 + -37 + (8 - -10) - -77
72
What is the value of 1 + -12 + (4 + -1 + 10 - 21) + 16?
-3
What is 1114 + -1102 + 29 + (-5 + 3 - -3)?
42
Evaluate 1 - 15 - (2401 + -2438).
23
Calculate 11 + -29 + (-17 - (16 + -14)).
-37
What is 11 + (-3 + (-1 - 8 - (-20 + 13)) - 75)?
-69
What is the value of (-4 + (-3 - 24) - -62) + -116?
-85
What is the value of -10 + 122 + -14 - (62 - 26)?
62
Evaluate -8 - -1 - (-113 + 115) - (121 + -111).
-19
Calculate (-2 - -26 - (-39 + 55)) + 4 + 1.
13
Evaluate 58 + 3 + (7 - (-19 - -20)).
67
Calculate 130 - (-61 + 155) - 79.
-43
Calculate 115 - 0 - (-166 + 179 - (1 - -12)).
115
Calculate (84 - 3) + (-63 - -27) + 11.
56
-28 + 15 + -14 + 12 + 10 + 46
41
(-4 - (14 + -13 + 6 + -9)) + 122
120
8 + (-8 - (-7 - (-6 - 3))) + 20
18
-2 + -8 + -23 + 84
51
What is the value of -10 + 6 + -5 + -1304 + 1359?
46
18 - -33 - (-39 + 98)
-8
What is -14 - ((2 - 27) + -141 + 186)?
-34
What is 0 + 2 + 10 + -14 + (-2 - -8) + -8?
-4
Evaluate 54 - ((-24 - -21) + (-6 - (14 - 15))).
62
-15 - (67 + -137 + 57)
-2
What is the value of -2 + -60 - -49 - -31?
18
Calculate -55 - (-41 + (35 - 65)).
16
What is -10 + (-14 - -5) + (8 - (-9 - -30))?
-32
Evaluate -8 + (65 - 35) + (-19 - -11).
14
What is the value of (54 - 1) + (9 - (-1 - -7)) - (-20 - -16)?
60
Calculate (25 + 1 - (717 - 710)) + -72.
-53
(-229 + 217 - (-5 - -15)) + 125
103
What is the value of (-57 - 0) + -2 + (78 - (23 - -34))?
-38
What is the value of 6 - (6 + -52 + (-11 - ((-7 - -9) + -2)))?
63
Evaluate (-8 + 11 - 36) + 5 + 9.
-19
What is (-4 - -137) + (-34 - 39)?
60
What is the value of -183 + (101 - -48 - 62)?
-96
Calculate 14 + -10 + (14 - 8) + -9 - 45.
-44
What is the value of 23 + (-28 - -19) + (6 - (16 + -3))?
7
Calculate -6 + (16 - 2 - 17) + (-1 - (3 - -39)).
-52
(4 - 51 - -5) + 26
-16
-28 - (35 - 49 - 48)
34
What is 7 + 45 + -30 + -20?
2
What is the value of 14 - ((-153 - -132) + (9 - -5 - -7))?
14
Calculate -831 + 838 - (-39 + 2 + (3 - (2 - 0))).
43
What is the value of 2 - ((44 + -61 - (-14 - -1)) + -5) - -8?
19
What is -57 - (0 + -17 - -9)?
-49
Evaluate -23 - (15 - 66) - (-6 - 13).
47
Evaluate (50 - (48 - 40)) + -15.
27
Calculate -7 - -13 - (-102 + 72 - (-5 + -89)).
-58
What is the value of (12 - -15) + -22 + -22 - -57?
40
What is the value of 11 + 3 + (8 - 16) + 56 + -36?
26
(12 - 5 - 5) + 14 + -60 - 15
-59
What is 0 + 15 - 1 - (26796 - 26723)?
-59
Calculate (68 - ((16 - 19) + 20)) + -6.
45
What is the value of -23 - (108 + (-58 - 9))?
-64
What is the value of 75 + -77 + 75 + 7?
80
-17 + 34 - -49 - -5
71
Evaluate -12 + (-4 - (13 - 8) - -2) + 6 + -48.
-61
What is the value of (-43 - -32) + -27 + 41 + -41?
-38
Evaluate (-94 + 0 - -79 - (-1 + -19)) + (0 - -10).
15
(7 + -11 + -5 + 19 - 6) + 2
6
Calculate -20 + (7 - (4 + (-1 - 0)) - (-25 + 21)).
-12
Evaluate -9 - (-26 + 11 - -10 - (40 + -4)).
32
Calculate -7 + 1 + -20 + 3 + -2 + 8.
-17
4 + (3 - -5) + 2 - (108 + -53)
-41
What is the value of 1 - -152 - (-20721 - -20883)?
-9
(-3590 - -3700) + -71 + 1
40
Calculate 283 + -324 + 48 + -5.
2
Calculate 126 + (-122 - -62) + -49.
17
What is the value of -47 + (-19 - -14) - -93?
41
Evaluate (-150 - ((-6 - -20) + -13 + -21)) + -7.
-137
Calculate -12 + 31 + -13 + -3 + (4 - 3) + 4.
8
-1395 - -1382 - (-1 + -36)
24
Evaluate -4976 + 4998 - ((0 - -56) + -3).
-31
What is -16 - -28 - 20 - (3 + -2 + -15)?
6
28 + -4 + 7 - -20 - (4 + -1)
48
Calculate (-19 - 9) + 24 - (16 + (11 - 11)).
-20
What is the value of -55 + 112 + -45 + (-49 - -4)?
-33
Calculate 31 + (27 - (-7 + 7 + 12) - 17).
29
Calculate 26 + -69 - (-89 - -112).
-66
Evaluate -15 + (-4 - (10 + 8 - -22)).
-59
What is (-33 - -8) + 40 + 81 - 14?
82
What is the value of (-781 + 798 - (-10 - -1)) + 33?
59
(-59 + -3 - -66) + -27
-23
Calculate 1 + 3 - (70 + 1) - (936 - 933).
-70
What is the value of (-185 - (-25 - 135)) + 1 + -21?
-45
Calculate -59 - (2 + (-35 - 26)).
0
Calculate 1 + 56 - (-3003 - -3011).
49
What is 16 + (-51 - -44) + -123 + (0 - 2) - 11?
-127
Evaluate (-20 - (5 - 90)) + (6 - (5 - 10)).
76
Calculate -46 - (28 + (20 - 133)).
39
Evaluate (381 - 418) + (1 - 1 - 0) + -6.
-43
Evaluate -43 + -17 + (-25 - -4 - -27 - (0 + 0)).
-54
74 + 10 + 6 + -12 + 15 + -33
60
2 + 4 + -8 + 0 + -10 + -30
-42
(-22 - -17 - 20) + 2 + 21
-2
Calculate (-10 - -6) + (9 + -2 - (-1 - (-7 + -5))).
-8
What is 0 + -99 + -2 + -50 + 38 + 27 + -6?
-92
Calculate -2 + 2 - (-1 - -5 - -1) - (24 - -20).
-49
What is the value of -2 - -28 - (-96 - -91 - -6)?
25
What is the value of (-71 + 64 - (-21 + -17)) + (1 - -8 - -1)?
41
What is the value of -109 + 120 + 0 + 1 + (0 - 7)?
5
24 + (-26 - (-20 - -53)) + -2
-37
What is -12 - (-3 - (31 + -17 + 22))?
27
What is (-38 - (20 + 17 + -49)) + 85?
59
Calculate (36 - 5) + -13 - (-30 + (-26 - -17)).
57
Calculate -5 - (-9 + 3) - 45 - (-3 + -2) - -5.
-34
(-258 + 104 - -172) + -63 + 0
-45
Evaluate (-30 - ((1 - 12) + 2)) + -5.
-26
What is 1 - 24 - (-102 - -217 - 110)?
-28
What is the value of 20 - (20 + -35 + (36 - 25))?
24
Calculate (12 + -12 - 11) + (2 - (-6 - 0 - 77)).
74
Calculate 90 + 22 + 45 + -103.
54
(-50 - (-78 + 14 + 30)) + -49
-65
Calculate -15 - (884 + -773 + (3 - (5 + 1))).
-123
What is 10 + 32 + 22 + -20?
44
Evaluate (82 + -37 - -39) + -73.
11
Evaluate (-11 - (-18 - (16 - 51))) + 105.
77
Calculate 11 + 1 + 18 + -22 + 1 + -3.
6
Calculate 8 - 0 - (218 - 276 - (-3 + 11 - 0)).
74
Evaluate (-1 - 9) + -19 - (-20 - 9).
0
What is 5 + (-21 - (-25 - (-24 - -13))) - -84?
82
What is -91 + -5 - (965 - 1065)?
4
What is 20 + (11 - (-14 - -6)) - -13?
52
What is the value of 4 - (-16 + (16 - -64) - -10) - -4?
-66
What is -103 + -4 + 6 + 2 + 221 + -209?
-87
3 - (2 + 22) - (65 + -34 + -21)
-31
What is the value of -15 - -1 - (-217 + (23 - -132))?
48
What is (-7 + 15 + -9 - 6) + (-1 - 1) - 36?
-45
(-1 - (1 - -4) - (596 + -614)) + -10
2
Evaluate (-5 - -2) + 0 + 2 - (-20 + -9) - -3.
31
Calculate 86 - (0 + 72 + (-42 - -13)).
43
Calculate -770 + 797 + (-64 - (-2 + 6)).
-41
What is (